{"id":14,"date":"2023-08-02T21:37:55","date_gmt":"2023-08-03T02:37:55","guid":{"rendered":"https:\/\/cieexitosdelsaber.com\/?page_id=14"},"modified":"2023-08-07T00:42:22","modified_gmt":"2023-08-07T05:42:22","slug":"egresados","status":"publish","type":"page","link":"https:\/\/cieexitosdelsaber.com\/index.php\/egresados\/","title":{"rendered":"EGRESADOS"},"content":{"rendered":"\n<p>&#8220;En nuestro colegio, siempre hemos valorado la formaci\u00f3n integral de nuestros estudiantes, y vosotros, queridos egresados, sois un claro ejemplo de ello. Hab\u00e9is demostrado una gran comprensi\u00f3n de nuestros valores fundamentales y hab\u00e9is desarrollado habilidades sociales que os ayudar\u00e1n a tener \u00e9xito en cualquier \u00e1mbito de la vida. Estamos seguros de que llevar\u00e9is estos principios con vosotros y contribuir\u00e9is positivamente a la sociedad&#8221;<\/p>\n","protected":false},"excerpt":{"rendered":"<p>&#8220;En nuestro colegio, siempre hemos valorado la formaci\u00f3n integral de nuestros estudiantes, y vosotros, queridos egresados, sois un claro ejemplo de ello. Hab\u00e9is demostrado una gran comprensi\u00f3n de nuestros valores fundamentales y hab\u00e9is desarrollado habilidades sociales que os ayudar\u00e1n a tener \u00e9xito en cualquier \u00e1mbito de la vida. Estamos seguros de que llevar\u00e9is estos principios [&hellip;]<\/p>\n","protected":false},"author":1,"featured_media":179,"parent":0,"menu_order":0,"comment_status":"closed","ping_status":"closed","template":"","meta":[],"_links":{"self":[{"href":"https:\/\/cieexitosdelsaber.com\/index.php\/wp-json\/wp\/v2\/pages\/14"}],"collection":[{"href":"https:\/\/cieexitosdelsaber.com\/index.php\/wp-json\/wp\/v2\/pages"}],"about":[{"href":"https:\/\/cieexitosdelsaber.com\/index.php\/wp-json\/wp\/v2\/types\/page"}],"author":[{"embeddable":true,"href":"https:\/\/cieexitosdelsaber.com\/index.php\/wp-json\/wp\/v2\/users\/1"}],"replies":[{"embeddable":true,"href":"https:\/\/cieexitosdelsaber.com\/index.php\/wp-json\/wp\/v2\/comments?post=14"}],"version-history":[{"count":4,"href":"https:\/\/cieexitosdelsaber.com\/index.php\/wp-json\/wp\/v2\/pages\/14\/revisions"}],"predecessor-version":[{"id":178,"href":"https:\/\/cieexitosdelsaber.com\/index.php\/wp-json\/wp\/v2\/pages\/14\/revisions\/178"}],"wp:featuredmedia":[{"embeddable":true,"href":"https:\/\/cieexitosdelsaber.com\/index.php\/wp-json\/wp\/v2\/media\/179"}],"wp:attachment":[{"href":"https:\/\/cieexitosdelsaber.com\/index.php\/wp-json\/wp\/v2\/media?parent=14"}],"curies":[{"name":"wp","href":"https:\/\/api.w.org\/{rel}","templated":true}]}}